uppose -10*z = -82 + j. Suppose z*u - 120 = -22. What is the remainder when 165 is divided by u?
11
Suppose -292 = -9*f + 5*f - 4*v, 0 = -2*f - v + 146. Suppose -116 - f = -7*z. What is the remainder when z is divided by 7?
6
Let u = 268 + -177. Suppose 0 = 91*d - 13*d - 1794. Calculate the remainder when u is divided by d.
22
Let q(w) = 4*w**2 - 42*w - 21. Let a(y) = 22*y + 166. Let l be a(-7). Calculate the remainder when 51 is divided by q(l).
0
Suppose -d + 2*d + h = 19, h - 4 = 0. Suppose -6*f + 3*f - 3*w = -384, 158 = f - 5*w. What is the remainder when f is divided by d?
13
Let a = 3527 + -3388. Calculate the remainder when a is divided by 9.
4
Let s(m) = m**3 - 7*m**2 - 18*m + 5. Suppose -51 + 42 = -a. Let k be s(a). Calculate the remainder when 25 is divided by (5 + 2/(-1))*k.
10
Let k(n) = 4*n - 125. Suppose q - 1 = 1. Suppose -d - 3*x = -26, 4*x = 3*d + q*x - 23. Calculate the remainder when d is divided by k(32).
2
Suppose x + 0 - 3 = 0, 3*m + 3*x - 12 = 0. Suppose 3*c = m + 59. Calculate the remainder when c is divided by (-1 - (-21 - -5)) + -5.
0
Suppose 5*o - 3312 = 68*u - 69*u, 5*o = -13*u + 3276. Calculate the remainder when 2026 is divided by o.
37
Let k be (12/2)/(-2 + 2/2). Let x be 16*8/(-6)*k. Suppose 0 = 2*a + 4*y - x, -y = 4*a + 24 - 273. Calculate the remainder when 183 is divided by a.
59
Suppose p + 3*p + y = -194, -y = 2*p + 98. Suppose 150 = -5*i + 10*i. What is the remainder when i is divided by (p/18)/(3/(-18))?
14
Let j = 7 - -13. Suppose j*v - 328 = 16*v. What is the remainder when v is divided by 17?
14
Let w(d) = d**3 - 8*d**2 - 25*d + 44. Suppose 4*i + i - 145 = 0. Suppose i = 2*x - 25. What is the remainder when w(11) is divided by x?
24
Suppose 10 = -5*v, -3*v + 0*v = 3*z + 867. Let w = -276 - z. Calculate the remainder when 30 is divided by w.
8
What is the remainder when 94 is divided by ((-10)/(-4))/(6/576*12)?
14
Suppose -4*w + 3988 = -4*z, -5*w - 5*z = -8*w + 2977. What is the remainder when w is divided by 42?
38
Let m = 6 + 6. Suppose -o - 42 - 232 = -2*h, o - 266 = -2*h. Suppose -4*n = -n - h. What is the remainder when n is divided by m?
9
Let r be 108/16 - (-6)/(-8). Let m be (-2)/r + (-46)/6. Calculate the remainder when 10 is divided by ((-4)/m*-3)/(9/(-12)).
0
Calculate the remainder when 639 is divided by 84*7/21*(108/8)/9.
9
Suppose 5*n - k - k = 25, 4*n - 27 = 3*k. Let s be 3/(3*n/(-45)). Calculate the remainder when 6 is divided by (s/(-135))/(2/18).
0
Let u = -253 + 266. Let j = u - 7. What is the remainder when 22 is divided by j?
4
Let h = -9333 - -9656. What is the remainder when h is divided by 54?
53
Let i(s) = s**3 - 24*s**2 - 71*s + 573. What is the remainder when i(26) is divided by 77?
2
Let f = -18 + 7. Let s(c) = 2*c + 34. Calculate the remainder when s(f) is divided by 5.
2
Let a = 18 + -20. Let j be (4/6)/(a/12). What is the remainder when -2 + 53 + j/(-4) is divided by 18?
16
Let y(g) = -g**3 - 4*g**2 + 13*g - 15. Let a be y(-7). Suppose -q + a = 9. Calculate the remainder when 57 is divided by q.
25
Suppose 0 = -d + 5*h - 272, -5*d + d - h = 1088. Let b = d + 292. What is the remainder when 132 is divided by b?
12
Let m = 44 + 40. Let v(c) = -c**3 - 5*c**2 - 2*c - 19. Calculate the remainder when m is divided by v(-6).
26
Suppose -57*z = -86*z - 102*z + 180911. Calculate the remainder when 1386 is divided by z.
5
Suppose -27*l + 24*l = 3*j - 12, 4*j + 2*l - 20 = 0. Calculate the remainder when 357 is divided by j.
3
Suppose -3*v + 57260 = v + 6*g, 2*g + 42971 = 3*v. Calculate the remainder when v is divided by 93.
92
Calculate the remainder when (1488/(-264))/(17/(-10846)) is divided by 300.
296
Let z(i) = -24*i - 4 + 0*i**2 - 39 + 8*i + i**2. Calculate the remainder when 95 is divided by z(19).
11
Calculate the remainder when (-58188)/(-108) - 2/(-9) is divided by ((-15)/4)/((-7)/(-7))*-16.
59
Let g(d) be the first derivative of 8*d**2 + 9*d - 201. Calculate the remainder when 857 is divided by g(2).
37
Suppose 25 = 5*r - z, -4*r + z = -21 + 1. Suppose 0*n - r*n + 10 = 0. Suppose j + 26 = 4*j + 5*k, j + n*k - 8 = 0. What is the remainder when j is divided by 7?
5
Let q = 253 - 294. Let a = q - -68. What is the remainder when a is divided by (11 - -1) + (-4)/(-2)?
13
Suppose 157*g + 206*g = 60258. What is the remainder when g is divided by 14?
12
Suppose 318 = 8*w - 418. Suppose 83 = -3*v + w. Suppose -v*o + 192 = -84. Calculate the remainder when o is divided by 25.
17
Let t(a) = -7376*a - 26. Let d be t(13). Calculate the remainder when 107 is divided by (-4)/(-22) - d/1001.
11
Suppose 1281 = 248*r - 187*r. What is the remainder when 2918 is divided by r?
20
Let i be (10/15)/(6/(-27)). Let l(u) = -7*u + 30. What is the remainder when l(i) is divided by -1 - 1 - -16*1?
9
Suppose 0 = 2*y - u - 9, 4*y - u = 3*u + 24. Suppose -7*o = 3*p - 11*o - 1193, -4*o = y*p - 1177. Calculate the remainder when p is divided by 80.
75
Let i = -4204 + 4220. Calculate the remainder when 175 is divided by i.
15
Suppose 0 = 2*c - x - 82 - 54, 3*c = 3*x + 198. Let v be (-4)/2 + c/2. Suppose -5*l - v = -128. Calculate the remainder when l is divided by 4.
3
Suppose 0 = -h - 3, -2*n + 1012 = 3*n - 4*h. Let l(v) = -297*v - 246. What is the remainder when n is divided by l(-1)?
47
Suppose 2097 - 528 = 25*v - 2831. What is the remainder when v is divided by 78?
20
Suppose -2*y = 4*x - 180, -9*y + 5*y = 16. Suppose -x - 113 = -10*p. What is the remainder when (-2)/8 + (-351)/(-12) is divided by p?
13
What is the remainder when 219/(84/7 - 11) is divided by 16?
11
Let w(h) = -h**3 + 6*h**2 - 4. Suppose z - 370 = -3*x, 0*x - 2*x + 247 = z. Suppose -4*t - x = -7*t. Calculate the remainder when t is divided by w(5).
20
Suppose 5*s + 467 = 3*r, -26*r + 28*r - 3*s = 310. Calculate the remainder when r is divided by 22.
17
Suppose -258*s + 132*s - 754 = -128*s. What is the remainder when s is divided by 49?
34
Suppose -3*j + 14*j = 15*j - 20. What is the remainder when 132 is divided by j?
2
Let i be (-9178)/(-6) + 11*(-3)/(-99). Suppose -21*v - 9*v + i = 0. Calculate the remainder when 58 is divided by v.
7
Suppose -3*q + 3*l = 4 + 2, q = -l + 6. Let y be (-6)/(-3 + q) + -3. Suppose 711 = 12*w - y*w. Calculate the remainder when w is divided by 10.
9
Calculate the remainder when ((-12)/(-28))/(12/16) - (-3559)/7 is divided by 90.
59
Suppose v + 3*v - 4*x = 1144, 2*v = 3*x + 576. Let l(f) = -f**2 + 19*f - 14. Let c be l(-7). Let m = v + c. Calculate the remainder when m is divided by 30.
26
Let h(r) = 5*r**2 + 34*r + 792. What is the remainder when h(-15) is divided by 17?
13
Let s = 4 - -33. What is the remainder when 4172 is divided by s?
28
Let r(w) = -w**3 + 14*w**2 - 10*w + 4. Let y be r(13). Let s = -28 + y. What is the remainder when s is divided by 6/(-5)*(-15 - -10)?
3
Let b be ((-52)/286 - (-18)/(-22))*-823. Let r = -811 + b. Calculate the remainder when 238 is divided by r.
10
Let t(b) = b**2 - 7*b + 19. Suppose 7*y - 3*y - 16 = 0. Calculate the remainder when t(-7) is divided by -2 - (-52)/8*y.
21
Let d = 124 + -74. Suppose 197 = 1148*v - 1147*v. What is the remainder when v is divided by d?
47
Let x(a) = -42*a - 4. Let s = -27 + 18. Let y be (s/(-6))/1*-2. What is the remainder when x(y) is divided by 25?
22
Suppose 3*s + 2*g + 582 = 8*s, 2*g + 12 = 0. Calculate the remainder when 5362 is divided by s.
4
Suppose -49 + 9 = -8*w. Suppose 3*x + m - 53 = -4*m, 4*x + w*m = 74. Suppose -3*o = -8*o + 40. Calculate the remainder when x is divided by o.
5
Suppose 65*b - 22*b = -91*b + 169778. Calculate the remainder when b is divided by 47.
45
Let m(x) = -6 + 14 + 21 - 23*x - 9. What is the remainder when m(-12) is divided by 20?
16
Suppose -3*q + 430 = -5*d + d, -q + 2 = 0. Let j = -17 - d. What is the remainder when j is divided by 46?
43
Suppose -588 = -17*b + 14*b. Suppose j + 86 - b = 0. Calculate the remainder when j is divided by 28.
26
Let q(s) = -134*s + 10805. What is the remainder when q(80) is divided by 7?
1
Suppose 156*p - 144 = 150*p. Let h be (-149)/(2/8*-2). Let l = 583 - h. What is the remainder when l is divided by p?
21
Let u(r) = -12*r + 191. Let j = 337 + -324. What is the remainder when u(j) is divided by 11?
2
Let u(q) = 2*q**2 + 6*q + 4. Let d be u(-4). What is the remainde